 389
What are the prime factors of 25261?
25261
List the prime factors of 995.
5, 199
List the prime factors of 296.
2, 37
What are the prime factors of 279?
3, 31
List the prime factors of 17651.
19, 929
List the prime factors of 1500.
2, 3, 5
List the prime factors of 16657.
16657
List the prime factors of 53307.
3, 5923
What are the prime factors of 9081?
3, 1009
What are the prime factors of 8074?
2, 11, 367
What are the prime factors of 6110?
2, 5, 13, 47
List the prime factors of 25450.
2, 5, 509
List the prime factors of 37440.
2, 3, 5, 13
List the prime factors of 4573.
17, 269
What are the prime factors of 121331?
7, 17333
What are the prime factors of 1424?
2, 89
What are the prime factors of 14461?
14461
What are the prime factors of 1421?
7, 29
List the prime factors of 4911.
3, 1637
What are the prime factors of 1941?
3, 647
What are the prime factors of 3767?
3767
What are the prime factors of 15994?
2, 11, 727
What are the prime factors of 3055?
5, 13, 47
List the prime factors of 750.
2, 3, 5
What are the prime factors of 6447?
3, 7, 307
What are the prime factors of 21800?
2, 5, 109
What are the prime factors of 32851?
7, 13, 19
What are the prime factors of 870?
2, 3, 5, 29
What are the prime factors of 1534?
2, 13, 59
List the prime factors of 19605.
3, 5, 1307
What are the prime factors of 29?
29
List the prime factors of 138144.
2, 3, 1439
List the prime factors of 14248.
2, 13, 137
What are the prime factors of 3236?
2, 809
What are the prime factors of 7732?
2, 1933
What are the prime factors of 28555?
5, 5711
What are the prime factors of 5872?
2, 367
List the prime factors of 79518.
2, 3, 29, 457
List the prime factors of 2665.
5, 13, 41
List the prime factors of 645.
3, 5, 43
List the prime factors of 27096.
2, 3, 1129
What are the prime factors of 2532?
2, 3, 211
What are the prime factors of 79218?
2, 3, 163
What are the prime factors of 14344?
2, 11, 163
What are the prime factors of 12825?
3, 5, 19
What are the prime factors of 2525?
5, 101
List the prime factors of 953.
953
What are the prime factors of 2674?
2, 7, 191
List the prime factors of 24988.
2, 6247
List the prime factors of 2387.
7, 11, 31
What are the prime factors of 138?
2, 3, 23
What are the prime factors of 1393?
7, 199
List the prime factors of 4616.
2, 577
What are the prime factors of 2153?
2153
List the prime factors of 23933.
7, 13, 263
What are the prime factors of 71436?
2, 3, 5953
List the prime factors of 1909.
23, 83
What are the prime factors of 19274?
2, 23, 419
List the prime factors of 1534.
2, 13, 59
List the prime factors of 22738.
2, 11369
List the prime factors of 17348.
2, 4337
List the prime factors of 87.
3, 29
List the prime factors of 6779.
6779
List the prime factors of 115238.
2, 157, 367
What are the prime factors of 166659?
3, 73, 761
List the prime factors of 1774.
2, 887
List the prime factors of 15071.
7, 2153
What are the prime factors of 9015?
3, 5, 601
What are the prime factors of 936?
2, 3, 13
List the prime factors of 57296.
2, 3581
What are the prime factors of 558?
2, 3, 31
List the prime factors of 11363.
11, 1033
List the prime factors of 11373.
3, 17, 223
What are the prime factors of 45?
3, 5
List the prime factors of 37653.
3, 7, 11, 163
What are the prime factors of 2289?
3, 7, 109
List the prime factors of 32704.
2, 7, 73
List the prime factors of 7241.
13, 557
List the prime factors of 37648.
2, 13, 181
List the prime factors of 727.
727
What are the prime factors of 21719?
37, 587
List the prime factors of 101881.
13, 17, 461
List the prime factors of 2029.
2029
List the prime factors of 21171.
3, 7057
What are the prime factors of 62936?
2, 7867
List the prime factors of 9207.
3, 11, 31
List the prime factors of 552.
2, 3, 23
What are the prime factors of 1140?
2, 3, 5, 19
What are the prime factors of 5689?
5689
List the prime factors of 4092.
2, 3, 11, 31
What are the prime factors of 2887?
2887
What are the prime factors of 1784?
2, 223
What are the prime factors of 4699?
37, 127
What are the prime factors of 677?
677
List the prime factors of 1540.
2, 5, 7, 11
What are the prime factors of 1178?
2, 19, 31
What are the prime factors of 2054?
2, 13, 79
What are the prime factors of 482?
2, 241
List the prime factors of 16270.
2, 5, 1627
List the prime factors of 63946.
2, 31973
List the prime factors of 10510.
2, 5, 1051
What are the prime factors of 3076?
2, 769
What are the prime factors of 510?
2, 3, 5, 17
List the prime factors of 59103.
3, 11, 199
What are the prime factors of 23018?
2, 17, 677
What are the prime factors of 11891?
11, 23, 47
What are the prime factors of 15875?
5, 127
What are the prime factors of 9488?
2, 593
List the prime factors of 732.
2, 3, 61
List the prime factors of 84570.
2, 3, 5, 2819
List the prime factors of 525.
3, 5, 7
What are the prime factors of 85708?
2, 7, 3061
List the prime factors of 175.
5, 7
What are the prime factors of 85896?
2, 3, 1193
List the prime factors of 29273.
73, 401
List the prime factors of 4012.
2, 17, 59
What are the prime factors of 16574?
2, 8287
List the prime factors of 10968.
2, 3, 457
What are the prime factors of 80074?
2, 40037
What are the prime factors of 26846?
2, 31, 433
What are the prime factors of 31072?
2, 971
List the prime factors of 2451.
3, 19, 43
List the prime factors of 941.
941
List the prime factors of 1718.
2, 859
What are the prime factors of 42521?
101, 421
What are the prime factors of 1996?
2, 499
What are the prime factors of 3737?
37, 101
What are the prime factors of 24072?
2, 3, 17, 59
List the prime factors of 2251.
2251
List the prime factors of 18468.
2, 3, 19
List the prime factors of 1312.
2, 41
What are the prime factors of 312?
2, 3, 13
List the prime factors of 8389.
8389
List the prime factors of 16234.
2, 8117
List the prime factors of 71345.
5, 19, 751
List the prime factors of 28169.
17, 1657
List the prime factors of 554.
2, 277
What are the prime factors of 144621?
3, 16069
List the prime factors of 9271.
73, 127
What are the prime factors of 735?
3, 5, 7
What are the prime factors of 23653?
7, 31, 109
What are the prime factors of 10528?
2, 7, 47
List the prime factors of 1922.
2, 31
List the prime factors of 17873.
61, 293
What are the prime factors of 12821?
12821
What are the prime factors of 135501?
3, 31, 47
List the prime factors of 1354.
2, 677
List the prime factors of 2754.
2, 3, 17
What are the prime factors of 99853?
13, 7681
What are the prime factors of 122454?
2, 3, 6803
What are the prime factors of 948?
2, 3, 79
List the prime factors of 999.
3, 37
What are the prime factors of 490?
2, 5, 7
What are the prime factors of 25296?
2, 3, 17, 31
What are the prime factors of 2907?
3, 17, 19
List the prime factors of 75542.
2, 107, 353
What are the prime factors of 65524?
2, 16381
List the prime factors of 6812.
2, 13, 131
List the prime factors of 120031.
29, 4139
What are the prime factors of 20391?
3, 7, 971
List the prime factors of 4843.
29, 167
What are the prime factors of 37802?
2, 41, 461
What are the prime factors of 5929?
7, 11
What are the prime factors of 9399?
3, 13, 241
What are the prime factors of 327?
3, 109
List the prime factors of 5092.
2, 19, 67
List the prime factors of 10949.
10949
List the prime factors of 10941.
3, 7, 521
What are the prime factors of 8721?
3, 17, 19
What are the prime factors of 19666?
2, 9833
What are the prime factors of 23793?
3, 7, 11, 103
List the prime factors of 9911.
11, 17, 53
What are the prime factors of 1746?
2, 3, 97
What are the prime factors of 17556?
2, 3, 7, 11, 19
List the prime factors of 15388.
2, 3847
List the prime factors of 59.
59
What are the prime factors of 3946?
2, 1973
What are the prime factors of 796?
2, 199
List the prime factors of 23413.
13, 1801
List the prime factors of 33258.
2, 3, 23, 241
List the prime factors of 11402.
2, 5701
What are the prime factors of 39370?
2, 5, 31, 127
What are the prime factors of 1245?
3, 5, 83
List the prime factors of 571.
571
What are the prime factors of 112360?
2, 5, 53
List the prime factors of 921.
3, 307
List the prime factors of 426.
2, 3, 71
List the prime factors of 1112.
2, 139
List the prime factors of 2540.
2, 5, 127
List the prime factors of 15138.
2,